{"id":41,"date":"2024-01-23T20:44:04","date_gmt":"2024-01-23T20:44:04","guid":{"rendered":"https:\/\/sideshow.oldrivertattoo.com\/wp\/?page_id=41"},"modified":"2024-10-19T19:32:10","modified_gmt":"2024-10-19T19:32:10","slug":"om-oss","status":"publish","type":"page","link":"https:\/\/sideshowtattoo.se\/?page_id=41","title":{"rendered":"Om oss"},"content":{"rendered":"\n<div class=\"wp-block-media-text has-media-on-the-right is-stacked-on-mobile has-medium-font-size\" style=\"grid-template-columns:auto 39%\"><div class=\"wp-block-media-text__content\">\n<p>Vi har en kombinerad erfarenhet av \u00f6ver 20 \u00e5r av tatuerande och erbjuder i stort s\u00e4tt alla stilar.<\/p>\n\n\n\n<p>F\u00f6rutom v\u00e5r fina Tatueringsstudio mitt i M\u00f6lnlycke centrum s\u00e5 har vi \u00e4ven en mobil tatueringsstuio. <\/p>\n\n\n\n<p>Upplev kroppskonst p\u00e5 hjul.<\/p>\n\n\n\n<p>V\u00e5r mobila tatueringsstudio erbjuder professionella tatueringar p\u00e5 olika evenemang. Sj\u00e4lvklart s\u00e5 uppfyller vi alla utav h\u00e4lsov\u00e5rdsmyndighetens krav.<\/p>\n\n\n\n<p>Boka oss f\u00f6r fester, evenemang och br\u00f6llop f\u00f6r en minnesv\u00e4rd upplevelse. F\u00f6lj oss p\u00e5 instagram @sideshowtat2<\/p>\n\n\n\n<p>Skapa minnen som varar f\u00f6r evigt med Sideshow Tattoo.<\/p>\n<\/div><figure class=\"wp-block-media-text__media\"><img fetchpriority=\"high\" decoding=\"async\" width=\"1707\" height=\"2560\" src=\"https:\/\/sideshowtattoo.se\/wp-content\/uploads\/2024\/02\/IMG_7483-scaled.jpeg\" alt=\"\" class=\"wp-image-91 size-full\" srcset=\"https:\/\/sideshowtattoo.se\/wp-content\/uploads\/2024\/02\/IMG_7483-scaled.jpeg 1707w, https:\/\/sideshowtattoo.se\/wp-content\/uploads\/2024\/02\/IMG_7483-scaled-600x900.jpeg 600w, https:\/\/sideshowtattoo.se\/wp-content\/uploads\/2024\/02\/IMG_7483-200x300.jpeg 200w, https:\/\/sideshowtattoo.se\/wp-content\/uploads\/2024\/02\/IMG_7483-683x1024.jpeg 683w, https:\/\/sideshowtattoo.se\/wp-content\/uploads\/2024\/02\/IMG_7483-768x1152.jpeg 768w, https:\/\/sideshowtattoo.se\/wp-content\/uploads\/2024\/02\/IMG_7483-1024x1536.jpeg 1024w, https:\/\/sideshowtattoo.se\/wp-content\/uploads\/2024\/02\/IMG_7483-1365x2048.jpeg 1365w\" sizes=\"(max-width: 1707px) 100vw, 1707px\" \/><\/figure><\/div>\n","protected":false},"excerpt":{"rendered":"<p>Vi har en kombinerad erfarenhet av \u00f6ver 20 \u00e5r av tatuerande och erbjuder i stort s\u00e4tt alla stilar. F\u00f6rutom v\u00e5r fina Tatueringsstudio mitt i M\u00f6lnlycke centrum s\u00e5 har vi \u00e4ven en mobil tatueringsstuio. Upplev kroppskonst p\u00e5 hjul. V\u00e5r mobila tatueringsstudio erbjuder professionella tatueringar p\u00e5 olika evenemang. Sj\u00e4lvklart s\u00e5 uppfyller vi [&hellip;]<\/p>\n","protected":false},"author":1,"featured_media":0,"parent":0,"menu_order":0,"comment_status":"closed","ping_status":"closed","template":"","meta":{"rs_blank_template":"","rs_page_bg_color":"","slide_template_v7":"","footnotes":""},"class_list":["post-41","page","type-page","status-publish","hentry"],"_links":{"self":[{"href":"https:\/\/sideshowtattoo.se\/index.php?rest_route=\/wp\/v2\/pages\/41","targetHints":{"allow":["GET"]}}],"collection":[{"href":"https:\/\/sideshowtattoo.se\/index.php?rest_route=\/wp\/v2\/pages"}],"about":[{"href":"https:\/\/sideshowtattoo.se\/index.php?rest_route=\/wp\/v2\/types\/page"}],"author":[{"embeddable":true,"href":"https:\/\/sideshowtattoo.se\/index.php?rest_route=\/wp\/v2\/users\/1"}],"replies":[{"embeddable":true,"href":"https:\/\/sideshowtattoo.se\/index.php?rest_route=%2Fwp%2Fv2%2Fcomments&post=41"}],"version-history":[{"count":0,"href":"https:\/\/sideshowtattoo.se\/index.php?rest_route=\/wp\/v2\/pages\/41\/revisions"}],"wp:attachment":[{"href":"https:\/\/sideshowtattoo.se\/index.php?rest_route=%2Fwp%2Fv2%2Fmedia&parent=41"}],"curies":[{"name":"wp","href":"https:\/\/api.w.org\/{rel}","templated":true}]}}