{"id":39,"date":"2024-01-23T20:43:42","date_gmt":"2024-01-23T20:43:42","guid":{"rendered":"https:\/\/sideshow.oldrivertattoo.com\/wp\/?page_id=39"},"modified":"2025-11-11T22:09:47","modified_gmt":"2025-11-11T21:09:47","slug":"bokning","status":"publish","type":"page","link":"https:\/\/sideshowtattoo.se\/?page_id=39","title":{"rendered":"Kurser"},"content":{"rendered":"\n<div class=\"wp-block-media-text has-media-on-the-right is-stacked-on-mobile\" style=\"grid-template-columns:auto 38%\"><div class=\"wp-block-media-text__content\">\n<p>H\u00e4r kommer du att kunna hitta information om n\u00e4r vi erbjuder kurser i olika konstn\u00e4rliga omr\u00e5den.<\/p>\n<\/div><figure class=\"wp-block-media-text__media\"><img fetchpriority=\"high\" decoding=\"async\" width=\"1024\" height=\"683\" src=\"https:\/\/sideshowtattoo.se\/wp-content\/uploads\/2024\/02\/FullSizeRender-10-1024x683.jpeg\" alt=\"\" class=\"wp-image-88 size-full\" srcset=\"https:\/\/sideshowtattoo.se\/wp-content\/uploads\/2024\/02\/FullSizeRender-10-1024x683.jpeg 1024w, https:\/\/sideshowtattoo.se\/wp-content\/uploads\/2024\/02\/FullSizeRender-10-scaled-600x400.jpeg 600w, https:\/\/sideshowtattoo.se\/wp-content\/uploads\/2024\/02\/FullSizeRender-10-300x200.jpeg 300w, https:\/\/sideshowtattoo.se\/wp-content\/uploads\/2024\/02\/FullSizeRender-10-768x512.jpeg 768w, https:\/\/sideshowtattoo.se\/wp-content\/uploads\/2024\/02\/FullSizeRender-10-1536x1024.jpeg 1536w, https:\/\/sideshowtattoo.se\/wp-content\/uploads\/2024\/02\/FullSizeRender-10-2048x1365.jpeg 2048w\" sizes=\"(max-width: 1024px) 100vw, 1024px\" \/><\/figure><\/div>\n\n\n\n<p><\/p>\n","protected":false},"excerpt":{"rendered":"<p>H\u00e4r kommer du att kunna hitta information om n\u00e4r vi erbjuder kurser i olika konstn\u00e4rliga omr\u00e5den.<\/p>\n","protected":false},"author":1,"featured_media":0,"parent":0,"menu_order":0,"comment_status":"closed","ping_status":"closed","template":"","meta":{"rs_blank_template":"","rs_page_bg_color":"","slide_template_v7":"","footnotes":""},"class_list":["post-39","page","type-page","status-publish","hentry"],"_links":{"self":[{"href":"https:\/\/sideshowtattoo.se\/index.php?rest_route=\/wp\/v2\/pages\/39","targetHints":{"allow":["GET"]}}],"collection":[{"href":"https:\/\/sideshowtattoo.se\/index.php?rest_route=\/wp\/v2\/pages"}],"about":[{"href":"https:\/\/sideshowtattoo.se\/index.php?rest_route=\/wp\/v2\/types\/page"}],"author":[{"embeddable":true,"href":"https:\/\/sideshowtattoo.se\/index.php?rest_route=\/wp\/v2\/users\/1"}],"replies":[{"embeddable":true,"href":"https:\/\/sideshowtattoo.se\/index.php?rest_route=%2Fwp%2Fv2%2Fcomments&post=39"}],"version-history":[{"count":0,"href":"https:\/\/sideshowtattoo.se\/index.php?rest_route=\/wp\/v2\/pages\/39\/revisions"}],"wp:attachment":[{"href":"https:\/\/sideshowtattoo.se\/index.php?rest_route=%2Fwp%2Fv2%2Fmedia&parent=39"}],"curies":[{"name":"wp","href":"https:\/\/api.w.org\/{rel}","templated":true}]}}